ac3 (base 14) in base 12?
-42563
Convert -1103120 (base 4) to base 14.
-1d32
-1222 (base 16) to base 4
-1020202
Convert 1124401 (base 6) to base 11.
3a668
Convert 1010001011111 (base 2) to base 8.
12137
What is -221010 (base 4) in base 14?
-d5a
Convert -10200001 (base 3) to base 11.
-2011
What is 3232 (base 4) in base 16?
ee
-3453 (base 6) to base 16
-339
Convert -a300 (base 16) to base 2.
-1010001100000000
What is 1014 (base 7) in base 10?
354
What is -23005 (base 7) in base 4?
-1123030
What is -af40 (base 16) in base 11?
-30786
Convert -3 (base 5) to base 9.
-3
-3340 (base 11) to base 7
-15554
11461 (base 7) to base 4
232213
What is -21012011 (base 3) in base 4?
-1101322
-2cb (base 13) to base 9
-621
What is 1110413 (base 5) in base 16?
4c1b
3511 (base 6) to base 16
343
Convert -826b (base 13) to base 12.
-a503
-40030 (base 8) to base 11
-11367
Convert -213304 (base 5) to base 15.
-2289
Convert 10043010 (base 5) to base 15.
19005
Convert 111000110100111 (base 2) to base 13.
10321
Convert -4022 (base 8) to base 4.
-200102
Convert -101031112 (base 4) to base 9.
-116617
Convert -162 (base 14) to base 6.
-1150
Convert -1635 (base 11) to base 13.
-c52
-2aa (base 11) to base 13
-21b
What is 15065 (base 8) in base 3?
100012111
Convert -355 (base 10) to base 15.
-18a
What is -3014 (base 7) in base 14?
-544
What is -5335 (base 9) in base 4?
-331100
What is -486 (base 9) in base 4?
-12102
Convert -14a8 (base 14) to base 7.
-13501
Convert 13120 (base 5) to base 13.
618
Convert -221 (base 11) to base 15.
-12a
Convert 859 (base 10) to base 12.
5b7
bc6 (base 13) to base 10
2021
Convert -322040 (base 6) to base 13.
-c00c
53543 (base 7) to base 2
11001111111110
-6a7c (base 13) to base 16
-3a7f
Convert 300303 (base 4) to base 5.
44443
What is 710 (base 13) in base 14?
616
Convert 103212 (base 4) to base 15.
589
What is -11011011 (base 4) in base 6?
-240153
Convert -13310 (base 4) to base 9.
-615
What is -1010101101 (base 2) in base 14?
-36d
101001011101 (base 2) to base 10
2653
Convert -dd0e (base 15) to base 9.
-71185
What is 24636 (base 10) in base 16?
603c
What is 79 (base 12) in base 5?
333
8330 (base 9) to base 10
6102
What is 9ba (base 13) in base 3?
2022000
Convert -102251 (base 6) to base 16.
-2077
Convert 11020 (base 5) to base 14.
3c4
a7 (base 11) to base 5
432
Convert -5844 (base 13) to base 11.
-9347
Convert 274 (base 13) to base 3.
121001
What is 1780 (base 9) in base 8?
2530
100001111100 (base 2) to base 8
4174
Convert -145 (base 13) to base 9.
-271
What is -232 (base 13) in base 2?
-101111011
Convert 3621 (base 8) to base 14.
9c5
-2021011 (base 4) to base 16
-2245
Convert -4201 (base 16) to base 8.
-41001
Convert -402341 (base 5) to base 6.
-135250
What is -d135 (base 14) in base 3?
-1211021012
What is -18979 (base 13) in base 14?
-13594
-41c6 (base 13) to base 7
-35405
-113 (base 5) to base 7
-45
Convert -1702 (base 9) to base 14.
-68a
Convert 8821 (base 14) to base 13.
a946
4b3 (base 15) to base 6
4540
What is 15547 (base 9) in base 8?
24636
4d0 (base 14) to base 2
1111000110
Convert -446 (base 13) to base 16.
-2de
What is -103231 (base 4) in base 16?
-4ed
3153 (base 6) to base 2
1011001101
What is 3141 (base 8) in base 6?
11321
Convert 11588 (base 9) to base 12.
45bb
What is -132 (base 8) in base 13?
-6c
Convert -176 (base 11) to base 10.
-204
10071 (base 10) to base 15
2eb6
Convert 5755 (base 16) to base 10.
22357
-28048 (base 10) to base 9
-42424
Convert -24300 (base 6) to base 11.
-2750
What is -1ca8 (base 14) in base 15?
-1849
2523 (base 9) to base 3
2120210
What is 21220 (base 4) in base 15?
2b1
Convert -1590 (base 14) to base 12.
-228a
What is 101200 (base 3) in base 5?
2123
504 (base 8) to base 9
400
Convert 1766 (base 13) to base 16.
d88
What is -11c (base 14) in base 8?
-336
-16115 (base 9) to base 4
-2230112
255616 (base 7) to base 10
47641
-1021012112 (base 3) to base 5
-1244220
Convert 2476 (base 11) to base 8.
6235
What is -10255 (base 9) in base 8?
-15165
Convert -12 (base 8) to base 4.
-22
Convert -202010100 (base 3) to base 4.
-3211032
What is -2414 (base 10) in base 2?
-100101101110
Convert -1004221 (base 5) to base 7.
-65122
Convert -23620 (base 9) to base 11.
-10976
112212 (base 3) to base 14
209
What is 1200222020 (base 3) in base 2?
1000001011101001
3e8 (base 15) to base 7
2414
Convert -34031 (base 6) to base 5.
-123041
What is 840 (base 10) in base 12?
5a0
2210 (base 4) to base 8
244
Convert 152221 (base 6) to base 12.
8671
221 (base 13) to base 10
365
3114 (base 9) to base 6
14321
What is -51790 (base 10) in base 11?
-35a02
Convert 10ba (base 14) to base 12.
1824
What is 110010100 (base 2) in base 16?
194
What is -1267 (base 8) in base 2?
-1010110111
What is -3321323 (base 4) in base 13?
-7385
Convert -300 (base 15) to base 6.
-3043
11001000100000 (base 2) to base 9
18537
What is -3001022 (base 5) in base 15?
-dde2
What is 1a96 (base 13) in base 7?
14456
What is 138f (base 16) in base 8?
11617
Convert 150206 (base 7) to base 6.
341512
What is 323 (base 6) in base 10?
123
What is 8c9 (base 14) in base 8?
3321
Convert -1101010111 (base 2) to base 10.
-855
20852 (base 10) to base 14
7856
Convert -78452 (base 9) to base 10.
-52130
Convert 8c88 (base 13) to base 4.
10310010
What is 15937 (base 11) in base 4?
11132121
Convert 110330 (base 4) to base 12.
938
aa (base 13) to base 11
118
What is -323 (base 6) in base 11?
-102
Convert -2022001 (base 3) to base 14.
-879
1110 (base 8) to base 4
21020
-25a8 (base 15) to base 10
-8033
Convert d7 (base 16) to base 12.
15b
Convert -1000101011101 (base 2) to base 7.
-15650
-1128 (base 15) to base 10
-3638
-1405 (base 11) to base 5
-24240
What is -75 (base 15) in base 7?
-215
What is -22a (base 13) in base 6?
-1422
What is 322100 (base 4) in base 6?
25132
What is 1417a (base 11) in base 10?
20173
Convert 1d17 (base 15) to base 8.
14262
What is -c6 (base 16) in base 6?
-530
-22a27 (base 14) to base 9
-137583
Convert -46138 (base 9) to base 6.
-354142
20220212 (base 3) to base 15
1765
1c97 (base 15) to base 4
1201021
Convert 114002 (base 5) to base 13.
1c21
What is -240a9 (base 12) in base 10?
-48513
-13753 (base 8) to base 13
-2a30
Convert 1045 (base 7) to base 10.
376
What is -55b (base 16) in base 11?
-1037
What is -411 (base 11) in base 8?
-760
Convert -23a0 (base 13) to base 11.
-3864
-112 (base 6) to base 2
-101100
463c (base 13) to base 10
9853
What is -7724 (base 11) in base 14?
-39dc
Convert 1020001112 (base 3) to base 13.
ac79
Convert -10001001 (base 2) to base 8.
-211
33201 (base 8) to base 3
201010210
1212001220 (base 3) to base 2
1000111010010101
Convert 3658 (base 9) to base 7.
10643
Convert 2b2 (base 15) to base 14.
321
Convert -140 (base 10) to base 8.
-214
Convert -1526 (base 14) to base 4.
-322232
-121203 (base 4) to base 12
-b43
What is -830 (base 9) in base 13?
-3cc
What is 518 (base 9) in base 11?
354
Convert 362 (base 8) to base 15.
112
What is -21102 (base 3) in base 10?
-200
Convert 413 (base 15) to base 12.
646
Convert 9e49 (base 15) to base 5.
2033334
What is -1012 (base 7) in base 2?
-101100000
Convert -1109 (base 10) to base 6.
-5045
Convert -a6c (base 14) to base 10.
-2056
-23ab (base 13) to base 9
-6822
Convert 17432 (base 13) to base 2.
1010111001110001
711 (base 9) to base 13
355
Convert -3044 (base 6) to base 4.
-22210
Convert 1bb (base 12) to base 15.
142
Convert 21100210 (base 3) to base 11.
403a
5913 (base 11) to base 7
31422
What is -38 (base 10) in base 8?
-46
Convert -432133 (base 5) to base 10.
-14668
What is -40 (base 7) in base 9?
-31
What is 1313 (base 6) in base 4?
11031
Convert -1041 (base 13) to base 4.
-203022
What is -121100212 (base 3) in base 13?
-5579
-12331 (base 4) to base 6
-2021
What is 286c (base 15) in base 3?
102212110
-5554 (base 6) to base 10
-1294
What is -465 (base 10) in base 14?
-253
Convert -18443 (base 12) to base 15.
-a65c
3b65 (base 12) to base 4
1222331
-6a5 (base 16) to base 4
-122211
-1011 (base 3) to base 9
-34
234203 (base 7) to base 4
22110302
4113 (base 5) to base 3
201202
Convert -8005 (base 11) to base 15.
-3253
-437 (base 10) to base 7
-1163
-31121 (base 4) to base 8
-1531
What is -10111010000 (base 2) in base 15?
-693
37290 (base 10) to base 2
1001000110101010
-44540 (base 6) to base 11
-4774
What is -554